igit of (-4)/(-20) - 2010/(-75)?
2
Suppose -5*z - 4*m + 124 = 0, 4*z - 85 = 3*m + 8. Suppose j + z + 8 = 0. What is the tens digit of (-73)/(-3) - j/(-24)?
2
Let z(x) = x**2 + x - 36. Let f(p) = p - 1. Let j be f(1). Let n be z(j). Let g = n - -62. What is the units digit of g?
6
Suppose -5*h = 77 + 78. Let u = h + 48. What is the units digit of u?
7
Suppose -4*q - q - 84 = -p, 3*p - 278 = 2*q. What is the tens digit of p?
9
Let o(v) = 3*v - 13. Let a(y) = 14*y**2. Let n be a(1). What is the tens digit of o(n)?
2
Let x(j) = 110*j**2 - 24*j + 74. What is the tens digit of x(3)?
9
Let q be (4/10)/((-2)/80). Let l = q + -2. What is the units digit of (27/l)/(6/(-64))?
6
Suppose 2*c = -67 - 5. Let o = 100 - c. What is the hundreds digit of o?
1
Let u be (8/(-5))/((-4)/((-3760)/(-4))). Suppose t - 2*o + 224 = 4*t, -5*t + u = 4*o. What is the tens digit of t?
7
Let r(z) be the first derivative of 1/4*z**4 - 4*z + 2 - 2/3*z**3 + z**2. What is the units digit of r(3)?
1
Let u(o) be the third derivative of 7*o**5/60 - o**4/12 + 7*o**3/6 + o**2. What is the units digit of u(-3)?
6
Let g(z) be the third derivative of -55*z**4/24 - z**3/3 - 2*z**2. What is the units digit of g(-1)?
3
Let s be 11 + -10 + 6/2. Let d be (-40)/(-30)*54/s. Let j = 18 + d. What is the tens digit of j?
3
What is the hundreds digit of (8038/(-5))/(-2) + 2/10?
8
Let y = -1071 + 5127. What is the units digit of y?
6
Let r = 52 + -109. What is the units digit of ((-136)/51)/(2/r)?
6
Suppose 0 = -5*m + 2*r + 2, 2*m - 5*r = m - 18. Suppose 0 = 4*k + 4, -m*k - 162 = -4*l + 56. What is the units digit of l?
4
Let h(j) = 125*j**2 - 5*j + 8. Let t(x) = -x**2 - x + 1. Let y(s) = h(s) - 6*t(s). What is the hundreds digit of y(1)?
1
Let h(j) = -j**2 + j + 2. Let g be h(0). Suppose g*v + v - 36 = 0. Let u = v + 19. What is the tens digit of u?
3
Let d(s) = 5*s - 68. What is the units digit of d(24)?
2
Let c(g) = 58*g**2 - 10*g - 22. What is the hundreds digit of c(-4)?
9
Let r(u) be the second derivative of u**4/6 - u**3/6 + 3*u**2/2 - 6*u. What is the units digit of r(-4)?
9
Suppose -10*u - 7296 = 2*u. Let k = u - -854. What is the units digit of k?
6
Let u be 7/4 - (-2)/8. Let r be (2 + u + -3)*5. Suppose 8 = r*t - 32. What is the units digit of t?
8
Suppose -4*f = -3*q + 6*q - 2055, -5*q - 1021 = -2*f. What is the hundreds digit of f?
5
Suppose -297*n + 5877 = -288*n. What is the tens digit of n?
5
Let k(z) = 6*z**2 - 2*z - 36. What is the hundreds digit of k(19)?
0
Let w = -1786 + 2507. What is the units digit of w?
1
Suppose 24*k = 1114 + 206. What is the units digit of k?
5
Suppose -g = 4, 5*u - 59 = -3*g + 49. What is the hundreds digit of 3891/18 - (-1 - (-28)/u)?
2
Let o(a) = -a**2 + a + 1. Let h(c) = -12*c**2 + 10*c + 10. Let m(d) = -h(d) + 4*o(d). What is the tens digit of m(-3)?
8
Suppose 5*n - 147 = 263. What is the tens digit of n?
8
Let h(g) = g**3 + 24*g**2 - 27*g + 18. Let b be h(-25). What is the units digit of (85/b)/((-1)/(-8))?
0
Let l be -4 + (347 - 2) - 1. Let r = l - 133. What is the tens digit of r?
0
Suppose -1 + 1 = 3*p. Suppose p = 9*a - 2317 + 373. What is the units digit of a?
6
Let p(b) = 8*b**3 + b**2 - b - 3. Let x(r) be the second derivative of r**4/12 - r**2/2 - 2*r. Let l(t) = -p(t) + 2*x(t). What is the units digit of l(-1)?
9
Let v(z) = z**3 + 5*z**2 - 5*z + 6. Let s be v(-6). Suppose -4*d + 22 + 10 = s. What is the units digit of d?
8
Let k(y) = 21*y + 461. What is the hundreds digit of k(61)?
7
Let x(j) = 27*j - 62. What is the tens digit of x(18)?
2
Let t(l) = l**2 - 9*l - 41. Let p be (-3 + -3)/(3/(-9)). What is the hundreds digit of t(p)?
1
Let t(d) = 30 + 20*d - 21*d + 17 - 5. What is the tens digit of t(10)?
3
Let j(i) be the third derivative of 4*i**4 + i**3/6 - 38*i**2. What is the units digit of j(3)?
9
Suppose 3*o - 2382 = 2*h - 205, 0 = -3*h - 3. What is the hundreds digit of o?
7
Suppose 0 = 5*r - 4*l - 20355, 5*r - 14*l + 13*l - 20340 = 0. What is the units digit of r?
7
Suppose -3*b + 258 = -0*b. What is the units digit of 2 + b*(-3)/(-6)?
5
Let x = 3706 - 2598. What is the units digit of x?
8
Let g(o) = -o - 4. Let x be g(-10). Suppose c + 15 = x*c. What is the units digit of (-8)/12*c*-8?
6
Let i be 9/(-3)*692/(-12). Suppose 4*j - 175 - i = 0. What is the tens digit of j?
8
Suppose -10 - 6 = -x. Suppose 3*b - x = 11. Let n = b - 0. What is the units digit of n?
9
Let t be 62*4/(11 + -3). Let n = -22 + t. What is the units digit of n?
9
Let o be (-1 - 2)*(-410)/30. Suppose -2*z + o + 93 = 0. What is the tens digit of z?
6
What is the units digit of 92/6*(-495)/(-10)?
9
What is the tens digit of (8 + (-14)/(-6) + -3)*30?
2
Suppose 23*x = 17*x + 468. Let c = x - 19. What is the units digit of c?
9
Let d be (-165)/(-12) - (-3)/(-4). Let w be 6/(-2) + 5 + 4. Suppose -b = -w - d. What is the units digit of b?
9
Let a = 50 - 26. Suppose d - a = -22. What is the units digit of d?
2
What is the units digit of (-683*(-2)/(-4))/(73/(-146))?
3
Suppose 3700 = 48*j - 38*j. What is the tens digit of j?
7
Suppose 2719 = 5*z - 4976. What is the hundreds digit of z?
5
Let k(x) = x**3 - 7*x**2 + 6*x - 12. Let o be k(6). Let y(l) = l**3 - 6*l**2 + 4*l - 7. Let b be y(6). Let a = b + o. What is the units digit of a?
5
Suppose 8 = 2*v - 3*v. What is the hundreds digit of (-1 - -173) + v/2?
1
Suppose 4*j - 436 = h - 0*h, 0 = -5*j + 3*h + 538. What is the units digit of (4/1)/(5/j)?
8
Let f(y) = y**3 - 5*y**2 - 4*y - 16. Let z be f(7). Suppose 4*r - z = 250. What is the tens digit of r?
7
Suppose 11*j - 13262 = -8*j. What is the units digit of j?
8
Let p = -23 - -22. Let l(a) = -227*a. What is the tens digit of l(p)?
2
Suppose 2*b - 3*j - 3 = -0, 3*b + 4 = -4*j. Suppose b = 2*x + 2*x. Suppose 0*v - v + 10 = x. What is the tens digit of v?
1
Let w be (-18)/(-2)*1 + 3. Let d be ((-3)/(-6))/(2/w). Suppose 2*k + 20 = d*k. What is the tens digit of k?
2
Suppose -2*t = -4*t + 4. Let j(i) = 6*i + 4 - t*i + 4*i. What is the units digit of j(3)?
8
Let f = 124 - 27. What is the units digit of f?
7
Let l be ((-4)/(-8))/(1/6). Suppose l*u + 352 = 2*r - u, 2*u - 724 = -4*r. What is the units digit of r?
0
Suppose 615 = -5*w + 3*l + 2535, -5*w - l = -1920. What is the hundreds digit of w?
3
Let y(q) = -70*q - 6. Let t(o) = -o. Let w(g) = -3*t(g) + y(g). Let c be w(-3). Suppose 2*f = 3*a - c, -3*f - 65 = -a + f. What is the tens digit of a?
6
Let v = -131 - -133. Suppose 15 = d + v*d, -t = 3*d - 44. What is the units digit of t?
9
Suppose l - 42 = 5*p, -2*p + 6*p + 45 = -3*l. What is the tens digit of (p/2)/(14/(-84))?
2
Let x be 15/6*(-12)/(-10). Suppose 5*c - x*y - 43 = 74, 0 = -3*c + 5*y + 67. What is the units digit of c?
4
Let s = 6357 - 4266. What is the units digit of s?
1
Suppose 2*s + 2*s - 35 = -5*m, -s = -5*m + 35. Suppose -w = 2*r + 3 + m, -10 = 4*w + 2*r. What is the units digit of 10 + 1*(w - -1)?
1
Suppose -3*y + 284 = -4*v, 3*v - 99 = -y - 0*v. Suppose -3*g + g = -y. What is the tens digit of g?
4
Let c = -815 + 1408. What is the units digit of c?
3
Let t(a) = 22*a + 9. Let s(f) = -f**2 + 6*f - 4. Let r be s(2). Let h be t(r). Let x = h + -52. What is the units digit of x?
5
Let z = -5703 + 8446. What is the tens digit of z?
4
Suppose 97*x - 470 = 96*x. What is the units digit of x?
0
Let g(p) = -4*p**2 + 36*p + 43. Let l be g(10). Let m be 3/12 - (-19)/4. Suppose -v + m*y = -15 - 10, l*v = 2*y + 101. What is the tens digit of v?
3
Suppose i - 15 = -0*i. Suppose -11*o = -i*o. Suppose -4*r + r - 22 = -c, 2*r + 10 = o. What is the units digit of c?
7
Suppose 5*o - 4 = -2*j - 19, -10 = 2*o. Suppose 2*k - 224 = 2*w, k = -3*w + j*w + 107. What is the units digit of k?
7
Suppose -3*d + w = 32 - 86, -2*w = 0. Suppose -2*v + 7 = -r, 0 = -2*v + 5*r - 13. What is the units digit of 176/v - (-12)/d?
0
Let j = 24 - 26. Let i be -23 + (2 + 0 - j). Let v = i - -28. What is the units digit of v?
9
Let d(g) = -g - 5. Let t be d(4). Let y = 9 + t. Suppose 0 = -5*v - y*o - 2*o - 1, -3*v + 3*o + 12 = 0. What is the units digit of v?
1
Let q = 45 - 24. Let w = q + -19. Suppose 2*g = -5*d + 363, 3*g = -w*d - 2*d + 289. What is the units digit of d?
3
Let v = 142 - 79. Suppose -h = -8*h + v. What is the units digit of h?
9
Let g(x) be the third derivative of -3*x**4/8 + 7*x**3/